False
Suppose -5*d = c + 3*c - 316, -2*d - 66 = -c. Is c a prime number?
False
Suppose -2*z + 4*o = 12, -6 = z - 0*o - 4*o. Let g be 19/2 + 2/(-4). Let a = g + z. Is a a composite number?
False
Let j be (3/2)/((-3)/(-8)). Suppose j*a - 2 = -2*q + 2, 4 = -3*q + 4*a. Suppose -t + 3*t - 138 = q. Is t a composite number?
True
Suppose 0 = r + 5*z - 33, -4*r + r - 4*z + 77 = 0. Is r composite?
False
Suppose -3*y + 3 = d, 0 = d + 2*y + 2 - 4. Suppose -4*r = -d*r + 3*q - 88, 0 = -q. Is r composite?
True
Let x be (-1)/(-3) + (-1)/3. Suppose -3*z = -2*z - 2*o + 28, x = 4*o - 20. Is (-84)/z*6/4 a composite number?
False
Suppose -5*f - y = -662, -2*f - 257 = -4*f - 3*y. Is f composite?
True
Suppose -35 + 7 = -4*c. Suppose 61 = 2*i - c. Is i prime?
False
Let p(w) = 30*w**2 + w. Let v = 5 - 8. Let l be (-2)/(-3) + v/(-9). Is p(l) composite?
False
Let q = 865 - 396. Is q a composite number?
True
Let q be -354*1/((-6)/3). Suppose 0 = -0*a - 3*a + q. Is a composite?
False
Suppose 2*w - 2*j - 10 = 2*j, -2*w + 18 = 4*j. Suppose 5 + w = -4*m. Is ((-40 + -2)/m)/1 a composite number?
True
Suppose 0 = 2*x - 6, 3 = -2*n + 3*x. Suppose 2*r - 2*q = -10, 5*r - n*q + 15 = r. Suppose r = 4*f - 2*f - 38. Is f a prime number?
True
Let c(f) = 4*f**3 + 5*f**2 + 6*f + 6. Let h(b) = 21*b**3 + 26*b**2 + 31*b + 31. Let x(a) = -11*c(a) + 2*h(a). Is x(-5) composite?
False
Let v(x) = 209*x - 65. Is v(6) composite?
True
Is 465/(-12)*(-4)/1 a composite number?
True
Suppose -4*g + 9*g - 20 = 0. Suppose g*z - z = 789. Is z prime?
True
Suppose 5*t + 5*s - 30 = 0, 5*s + 13 = t + 1. Let l = t + 42. Is l a prime number?
False
Suppose 2*p - 8 = -2*p. Let h be (4/p)/((-2)/(-4)). Is ((-38)/h)/((-1)/2) composite?
False
Suppose 5*y - 19 + 4 = 0. Suppose 0*n = -y*n + 873. Is n prime?
False
Let d = 150 - 105. Let j = 100 - d. Is j a prime number?
False
Let g(y) = -7*y + 6*y**2 + 14*y + 7*y + 12 - 1. Is g(-9) a prime number?
False
Is (-7)/(1 - (-60)/(-55)) composite?
True
Suppose 6 = 2*m - m. Let w(o) = -o**2 - 2*o - 3. Let j(c) = -c**2 - c + 1. Let q(f) = -2*j(f) + w(f). Is q(m) a composite number?
False
Let s(l) = 2*l**2 + 3*l + 6. Suppose 5*d - d = 28. Let k be s(d). Let w = 194 - k. Is w a composite number?
True
Let h(w) = -w**2 + 10*w + 14. Let t be h(11). Suppose -t*d = 4*o - 533, -4*o + 0*d + 3*d = -515. Is o composite?
False
Let v = 1790 + -711. Is v composite?
True
Let q = 52 + 577. Is q composite?
True
Let a(w) = 5*w**3 - 15*w**2 + 13*w + 3. Let q(g) = 2*g**3 - 7*g**2 + 6*g + 2. Let v(f) = 3*a(f) - 7*q(f). Is v(-4) composite?
False
Let y(z) = -8*z**3 - 4*z**2 + 6*z + 7. Let c(f) = -f - 18. Let o be c(-13). Is y(o) composite?
False
Suppose 5*v - v = 0. Suppose v = -2*k, 2*n + n = -4*k + 9. Suppose -n*w - 13 + 4 = 0, -4*h - w + 37 = 0. Is h composite?
True
Suppose 4*z = -4*r + 2332, 4*z = 4*r + z - 2318. Is r a prime number?
False
Is 5/(-1) + 4 + 264 prime?
True
Let a(u) = 140*u - 1. Is a(1) a prime number?
True
Let y be 5/15 + 2/(-6). Suppose -3*c + 4*u + 122 = y, c = -3*c - u + 150. Is c a prime number?
False
Suppose c = -z + 6*c + 315, 4*z = -5*c + 1360. Is z a composite number?
True
Let f(y) = -y**3 + y**2 + 3*y - 2. Let u be f(2). Suppose -2*a - 18 = -4*l - 3*a, 4*a - 8 = 0. Suppose n - 5 = u, -2*c + 178 = l*n - 0*n. Is c composite?
False
Let c = 1711 - 650. Is c a prime number?
True
Suppose -527 = 3*h + 874. Suppose 3*j - 748 + 2818 = 0. Let s = h - j. Is s a prime number?
True
Suppose 15 = 3*m - 9. Let l be 66/(-4)*m/(-6). Let d = 41 - l. Is d a prime number?
True
Let d = 589 - 180. Is d composite?
False
Let c be 1 + -6*(-4)/6. Suppose -t - 21 = -x, -4*x - c*t - 34 + 100 = 0. Is x a prime number?
True
Is (-3 - -5) + 3 + 676 composite?
True
Let g(q) = -2*q + 2. Suppose 4 = 3*m - 5, 23 = 4*d + 5*m. Let a be g(d). Is ((-5)/(-10))/(a/(-204)) composite?
True
Let s be (-6)/(-21) + (-30)/7. Is 298/((-3)/(6/s)) prime?
True
Let z be 5/((-20)/12) + 3. Is z + (27 - 4) - 0 prime?
True
Suppose 0 = -4*c - j - 2*j - 7, 0 = -5*c - j + 5. Suppose -2*p = c*q + 2*q - 2, -6 = 2*p. Is (14/2)/(-1 + q) prime?
True
Let s = -21 - 23. Let i = s + 159. Is i composite?
True
Let r be (-54)/(-10) - 9/(-15). Suppose 2*p = r + 2. Suppose -k = -1, 5*w - 28 - 931 = -p*k. Is w composite?
False
Is 18/(-15)*(-95)/2 composite?
True
Let f(z) = -2*z**2 - 3*z - 2. Let y be f(-2). Let j be (-10)/4*y/5. Suppose -3*t + k = -j*k - 147, -3*k = -5*t + 253. Is t prime?
True
Let d be -10*1/(-5)*4. Let w = 2 - d. Is (-33)/w*(-12)/(-3) prime?
False
Suppose o + o - 82 = 0. Suppose 2*a = 3*a + o. Let p = -22 - a. Is p a prime number?
True
Is ((-2)/(-6))/(1/897) composite?
True
Let a = 211 - 144. Suppose -a - 170 = -t. Suppose 2*i + 2*i - t = -h, -641 = -3*h + 2*i. Is h a composite number?
True
Let c(k) = 0*k + k + 0*k + 4 - 2*k. Let a be c(-3). Let z = a + 4. Is z composite?
False
Suppose -3*v - 3*i - 114 = 0, -2*v + 5*i + 76 = -4*v. Is (-6 - -7)*(0 - v) composite?
True
Suppose -17*d + 3004 = -13*d. Is d a prime number?
True
Suppose x = -u + 5*u + 14, 5*u = 5*x - 40. Let n be (22/x)/((-4)/(-12)). Is -1 + (n + 0 - 0) a prime number?
False
Let k be (-3)/1 + 0 + 8. Suppose -4*p + 147 = -3*w - 0*p, -k*w = -2*p + 231. Is 400/18 + 10/w composite?
True
Let y be (0 - -2)/((-3)/(-213)). Let b = y + -45. Is b composite?
False
Suppose 0 = 3*l - l - 1778. Is l a prime number?
False
Suppose 2*g - 6*g = 20, g - 15 = -5*r. Is -20*(-3 - 19/r) a composite number?
True
Let t(h) = 19*h**2 - 29*h - 1. Is t(-16) a prime number?
False
Is -1370*1/(-7 + 5) a composite number?
True
Suppose 3*q = -4*c + 206, 5*q - 5*c - 190 = 200. Is q a composite number?
True
Suppose -5*w - 2*s = s + 9, 3 = 4*w - s. Suppose -4*n - 44 = 5*h, -5*h = -2*n - w*h - 22. Is (-167)/n - (-6)/(-33) a composite number?
True
Suppose 3*h + 36 = -18. Let l be 24/h*(-33)/(-2). Let f = l + 37. Is f prime?
False
Let x(b) = -b**2 + 15*b + 15. Let v(m) = -m**2 - 8*m - 3. Let t be v(-5). Is x(t) a composite number?
True
Suppose 0 = i - h - 3*h - 2, -5*i + 10 = -h. Suppose i*d + 955 = 7*d. Is d a composite number?
False
Suppose 0 = -o + 6 - 3, 4*b + 5*o = 455. Let r = b + 53. Is r a prime number?
True
Let b be 3/(6/4)*-6. Let y = 15 - 42. Let h = b - y. Is h a prime number?
False
Let z = -130 + 241. Suppose 159 + z = 3*f. Let b = f - 1. Is b a prime number?
True
Let f(h) = 4*h - 1. Let g(u) = 7*u - 2. Let v(w) = -5*f(w) + 3*g(w). Suppose 0 = 2*d + d - 24. Is v(d) a prime number?
True
Let y be -6 + (3 - 0) + 9. Let g(r) = 6*r**2 - r - 5. Is g(y) prime?
False
Suppose -5*p - 1252 + 3227 = 0. Is p prime?
False
Suppose -u + 2*u - 2 = 0. Suppose -15 = -3*v + b - u*b, -4*v + 20 = 2*b. Suppose 0 = v*s + c - 19, -5*s - 1 = 2*c - 6*c. Is s prime?
True
Is ((-669)/(-12) - 3)/((-3)/(-12)) prime?
True
Suppose -3*m + 171 = -4*w, -4*m + 3*w = -0*m - 235. Let c = m - 15. Is c prime?
False
Suppose -1 - 3 = -j. Suppose j*s - 141 = s. Is s composite?
False
Suppose 0*t - 9 = -t. Suppose x - t + 3 = 0. Let u(c) = c**3 - 4*c**2 + c - 7. Is u(x) a prime number?
True
Let q(p) = 3*p**2. Let k(h) = h + 7. Let g be k(-6). Let x be q(g). Suppose -x*t + 5*z + 1 = -31, 3*z + 23 = 2*t. Is t prime?
True
Suppose -2*y = 9 + 1. Let s(a) = -a**2 - 5*a + 6. Let z be s(y). Let j(d) = 2*d**2 - 7*d + 5. Is j(z) a prime number?
False
Let b(a) = 3*a**3 + 5 - 2*a**3 - 4*a**2 - 4*a**2. Let y be b(8). Suppose -y*c + 180 = 5*q, q + 37 = 2*q + 2*c. Is q a prime number?
False
Suppose 4*b = -0 + 20, 4*b - 30 = -5*r. Is r/9 + 2850/54 a prime number?
True
Let g(l) = -l**2 - 5*l + 1. Suppose -4*z = 1 + 19. Let n be g(z). Let d = n + 2. Is d composite?
False
Let l(v) = -v**3 + 4*v**2 + 3*v + 4. Let j be l(5). Suppose 2*t + 45 = -5*h + 13, 3*h = t - 6. Is (-142)/t + 4/j prime?
True
Let l(h) = h**3 - 4*h**2 + 2*h - 5. Let m(n) = n**2 + 1. Let a(t) = l(t) - 3*m(t). Let o(c) = 6*c**3 + 2*c**2 - 1. Let k be o(1). Is a(k) a composite number?
True
Let h = 1323 + 220. Is h prime?
True
Let n be 3/3 + 2/(-2). Let q(y) = y + 13. Is q(n) prime?
True
Suppose -4*m + 10 = -2*m - 4*x, -10 = -2*m + 3*x. Suppose 0*k - k + 157 = 5*g, 3*g + 841 = m*k. Is k prime?
True
Let b = 223 + 136. Suppose -b = -3*c + 76. Is c a composite number?
True
Is (-89 - 0)/((-8)/8) composite?
False
Suppose 7*l + 1043 = 14*l. Is l a composite number?
False
Suppose s - 43 = 50. Suppose w